{"id":6,"date":"2020-07-01T12:18:55","date_gmt":"2020-07-01T12:18:55","guid":{"rendered":"http:\/\/abocan.es\/?page_id=6"},"modified":"2023-08-07T08:43:32","modified_gmt":"2023-08-07T08:43:32","slug":"inicio","status":"publish","type":"page","link":"https:\/\/abocan.es\/","title":{"rendered":"Inicio"},"content":{"rendered":"\n\n\t\t\t\t<img loading=\"lazy\" decoding=\"async\" src=\"https:\/\/abocan.es\/wp-content\/uploads\/2020\/07\/logotipo_nombre_solo-Abocan_despacho_de_abogados-white.png\" alt=\"logotipo_nombre_solo-Abocan_despacho_de_abogados-white\" itemprop=\"image\" height=\"193\" width=\"500\" title=\"logotipo_nombre_solo-Abocan_despacho_de_abogados-white\" onerror=\"this.style.display='none'\"  \/>\n\t<p><strong>Despacho de Abogados<\/strong><\/p>\n\t<p>Desde nuestra <strong>creaci\u00f3n en 1994 <\/strong> hemos prestado nuestros <strong>servicios jur\u00eddicos <\/strong>en todo el <strong>\u00e1mbito nacional, consolid\u00e1ndonos en Cantabria<\/strong> como despacho de referencia por la calidad y la dedicaci\u00f3n a los asuntos de nuestros clientes.<\/p>\n<p>Durante estos <strong>25 a\u00f1os de experiencia<\/strong> la firma se ha enfrentado a asuntos, de los m\u00e1s desafiantes y de mayor trascendencia en la Comunidad Aut\u00f3noma de Cantabria, lo que nos ha permitido ganar una importante reputaci\u00f3n y fiabilidad para nuestros clientes y resto de operadores jur\u00eddicos.<\/p>\n<p>&nbsp;<\/p>\n<p>Conozca:<\/p>\n<ul>\n<li><strong><a href=\"#filosofia\">Nuestra m\u00e1xima<\/a><\/strong><\/li>\n<li><strong><a href=\"#equipo_de_profesionales\">A nuestro equipo de profesionales<\/a><\/strong><\/li>\n<li><strong><a href=\"#areas_del_despacho\">Las \u00e1reas de nuestro despacho<\/a><\/strong><\/li>\n<li><strong><a href=\"#contacto_localizacion\">C\u00f3mo contactar con nosotros<\/a><\/strong><\/li>\n<\/ul>\n\t\t\t<img decoding=\"async\" loading='false' src=\"https:\/\/abocan.es\/wp-content\/uploads\/2020\/07\/despacho-reunion_sala_de_juntas-Abocan_despacho_de_abogados.jpg\" alt=\"\" \/>\t\t\t\n\t\t\t<img decoding=\"async\" loading='false' src=\"https:\/\/abocan.es\/wp-content\/uploads\/2020\/07\/equipo-foto_grupal-Abocan_despacho_de_abogados.jpg\" alt=\"\" \/>\t\t\t\n\t\t\t\t<img loading=\"lazy\" decoding=\"async\" src=\"https:\/\/abocan.es\/wp-content\/uploads\/2020\/07\/@cabecera-icono_textura-Abocan_despacho_de_abogados-bg_transparent.png\" alt=\"@cabecera-icono_textura-Abocan_despacho_de_abogados-bg_transparent\" itemprop=\"image\" height=\"300\" width=\"300\" title=\"@cabecera-icono_textura-Abocan_despacho_de_abogados-bg_transparent\" onerror=\"this.style.display='none'\"  \/>\n\t<p><strong>Nuestra m\u00e1xima es excelencia, dedicaci\u00f3n, transparencia y honestidad<\/strong>.<\/p>\n\t<p>Abocan siempre ha buscado relaciones duraderas y comprometidas con todos los clientes, y para lograrlo ha formado un <strong>despacho multidisciplinar<\/strong>, con un marcado perfil mercantil y privado, capacitado para prestar un asesoramiento espec\u00edfico en aspectos que requieren un alto grado de especializaci\u00f3n y sofisticaci\u00f3n.<\/p>\n<p>Nuestros abogados tienen como objetivo <strong>satisfacer al m\u00e1ximo a nuestros clientes<\/strong>, y para ello nos dedicamos a cada uno de ellos como si fuera \u00fanico, y sus intereses les asumimos como propios.<\/p>\n<p>Nos relacionamos con el cliente de manera permanente, directa y personalizada, mediante un sistema de <strong>trabajo en equipo, <\/strong>en el cual entre todos nos comunicamos. Transmitimos lo que afecta a los clientes con transparencia, veracidad y fluidez, fomentando que nuestra firma se involucre en la toma de decisiones.<\/p>\n<p>Estamos comprometidos con la <strong>calidad<\/strong>, y ponemos al servicio de nuestros clientes el talento de todos los abogados de la firma, los cuales cuentan con una excelente formaci\u00f3n t\u00e9cnica, gran experiencia profesional, y visi\u00f3n de la realidad de las empresas, sectores y clientes, al objeto de aportar <strong>soluciones \u00e1giles, \u00fatiles y reflexivas<\/strong> de acuerdo con las necesidades de cada momento y del asunto de que se trate.<\/p>\n<p>Tambi\u00e9n contamos con la <strong>colaboraci\u00f3n <\/strong>de otros profesionales o instituciones externas, que nos ayudan a ofrecer una soluci\u00f3n especializada o integral del asunto que nos plantee el cliente.<\/p>\n\t\t\t\t<img loading=\"lazy\" decoding=\"async\" src=\"https:\/\/abocan.es\/wp-content\/uploads\/2020\/07\/@cabecera-icono_textura-Abocan_despacho_de_abogados-bg_transparent.png\" alt=\"@cabecera-icono_textura-Abocan_despacho_de_abogados-bg_transparent\" itemprop=\"image\" height=\"300\" width=\"300\" title=\"@cabecera-icono_textura-Abocan_despacho_de_abogados-bg_transparent\" onerror=\"this.style.display='none'\"  \/>\n\t<strong>Ubicaci\u00f3n privilegiada,<br \/>\nm\u00e1xima calidad para nuestros clientes<\/strong>\n\t<p>La firma desarrolla su actividad en un despacho situado en el centro de la ciudad, <strong>ubicaci\u00f3n privilegiada<\/strong> que, adem\u00e1s de dar accesibilidad al mismo desde cualquier medio transporte, nos permite agilizar al m\u00e1ximo nuestra actividad, al hallarnos en las inmediaciones de los \u00e1mbitos donde desarrollamos habitualmente nuestra profesi\u00f3n (Juzgados, Administraciones P\u00fablicas, Registros, Notarias).<\/p>\n<p>Contamos de igual modo con unas <strong>instalaciones, amplias y adecuadas<\/strong>, en las que se ubican diversos despachos individuales, y sala de juntas o reuniones con capacidad suficiente para albergar o conciliar todo tipo de din\u00e1mica de trabajo con los clientes u otros profesionales, disponiendo tambi\u00e9n de las \u00faltimas tecnolog\u00edas del momento.<\/p>\n\t\t\t\t<img loading=\"lazy\" decoding=\"async\" src=\"https:\/\/abocan.es\/wp-content\/uploads\/2020\/07\/@cabecera-icono_textura-Abocan_despacho_de_abogados-bg_transparent.png\" alt=\"@cabecera-icono_textura-Abocan_despacho_de_abogados-bg_transparent\" itemprop=\"image\" height=\"300\" width=\"300\" title=\"@cabecera-icono_textura-Abocan_despacho_de_abogados-bg_transparent\" onerror=\"this.style.display='none'\"  \/>\n\t<h2><strong>\u00c1reas<\/strong><\/h2>\n\t<p>Conozca las \u00e1reas de especializaci\u00f3n de nuestro despacho.<\/p>\n\t\t\t\t<img loading=\"lazy\" decoding=\"async\" src=\"https:\/\/abocan.es\/wp-content\/uploads\/2020\/07\/@cabecera-icono_textura-Abocan_despacho_de_abogados-bg_transparent.png\" alt=\"@cabecera-icono_textura-Abocan_despacho_de_abogados-bg_transparent\" itemprop=\"image\" height=\"300\" width=\"300\" title=\"@cabecera-icono_textura-Abocan_despacho_de_abogados-bg_transparent\" onerror=\"this.style.display='none'\"  \/>\n\t<p><b>Trabaja con nosotros<\/b><\/p>\n\t<p>ABOCAN apuesta por la b\u00fasqueda de profesionales que cuenten con una excelente formaci\u00f3n t\u00e9cnica y la m\u00e1xima dedicaci\u00f3n y esfuerzo, con el claro objetivo de aportar valor y potenciar nuestra firma.<\/p>\n<p>Tenemos en cuenta la formaci\u00f3n y el crecimiento personal, la realizaci\u00f3n de m\u00e1steres o postgrados de especializaci\u00f3n y la participaci\u00f3n activa en la vida acad\u00e9mica, asociaciones, foros empresariales u otras instituciones, que permitan alcanzar una mayor especialidad profesional.<\/p>\n<p>Buscamos permanentemente el compromiso con nuestro proyecto, el mantenimiento y la potenciaci\u00f3n de la ilusi\u00f3n de creer en lo que hacemos y en poder mejorar cada d\u00eda.<\/p>\n<p>Si lo deseas, podr\u00e1s hacernos llegar tu candidatura a trav\u00e9s del siguiente formulario:<\/p>\n\t\n<div class=\"wpcf7 no-js\" id=\"wpcf7-f142-o1\" lang=\"es-ES\" dir=\"ltr\">\n<div class=\"screen-reader-response\"><p role=\"status\" aria-live=\"polite\" aria-atomic=\"true\"><\/p> <ul><\/ul><\/div>\n<form action=\"\/index.php?rest_route=%2Fwp%2Fv2%2Fpages%2F6#wpcf7-f142-o1\" method=\"post\" class=\"wpcf7-form init\" aria-label=\"Formulario de contacto\" enctype=\"multipart\/form-data\" novalidate=\"novalidate\" data-status=\"init\">\n<div style=\"display: none;\">\n<input type=\"hidden\" name=\"_wpcf7\" value=\"142\" \/>\n<input type=\"hidden\" name=\"_wpcf7_version\" value=\"5.9.4\" \/>\n<input type=\"hidden\" name=\"_wpcf7_locale\" value=\"es_ES\" \/>\n<input type=\"hidden\" name=\"_wpcf7_unit_tag\" value=\"wpcf7-f142-o1\" \/>\n<input type=\"hidden\" name=\"_wpcf7_container_post\" value=\"0\" \/>\n<input type=\"hidden\" name=\"_wpcf7_posted_data_hash\" value=\"\" \/>\n<\/div>\n<p><label> Nombre y apellidos (obligatorio)<br \/>\n<span class=\"wpcf7-form-control-wrap\" data-name=\"your-name\"><input size=\"40\" class=\"wpcf7-form-control wpcf7-text wpcf7-validates-as-required\" aria-required=\"true\" aria-invalid=\"false\" value=\"\" type=\"text\" name=\"your-name\" \/><\/span> <\/label>\n<\/p>\n<p><label> Correo electr\u00f3nico (obligatorio)<br \/>\n<span class=\"wpcf7-form-control-wrap\" data-name=\"your-email\"><input size=\"40\" class=\"wpcf7-form-control wpcf7-email wpcf7-validates-as-required wpcf7-text wpcf7-validates-as-email\" aria-required=\"true\" aria-invalid=\"false\" value=\"\" type=\"email\" name=\"your-email\" \/><\/span> <\/label>\n<\/p>\n<p><label> Asunto<br \/>\n<span class=\"wpcf7-form-control-wrap\" data-name=\"your-subject\"><input size=\"40\" class=\"wpcf7-form-control wpcf7-text\" aria-invalid=\"false\" value=\"\" type=\"text\" name=\"your-subject\" \/><\/span> <\/label>\n<\/p>\n<p><label> Adjunte su CV<br \/>\n<span class=\"wpcf7-form-control-wrap\" data-name=\"CV-web-trabajaconnosotros\"><input size=\"40\" class=\"wpcf7-form-control wpcf7-file\" id=\"form-trabaja\" accept=\".pdf,.doc,.docx\" aria-invalid=\"false\" type=\"file\" name=\"CV-web-trabajaconnosotros\" \/><\/span><\/label>\n<\/p>\n<p><label> Comentarios<br \/>\n<span class=\"wpcf7-form-control-wrap\" data-name=\"your-message\"><textarea cols=\"40\" rows=\"10\" class=\"wpcf7-form-control wpcf7-textarea\" aria-invalid=\"false\" name=\"your-message\"><\/textarea><\/span> <\/label><br \/>\n<span class=\"wpcf7-form-control-wrap\" data-name=\"acepta-politica-privacidad\"><span class=\"wpcf7-form-control wpcf7-acceptance\"><span class=\"wpcf7-list-item\"><label><input type=\"checkbox\" name=\"acepta-politica-privacidad\" value=\"1\" aria-invalid=\"false\" \/><span class=\"wpcf7-list-item-label\">Acepto su <a href=\"\/politica-de-privacidad\">Pol\u00edtica de privacidad<\/a><\/span><\/label><\/span><\/span><\/span>\n<\/p>\n<p><input class=\"wpcf7-form-control wpcf7-submit has-spinner\" type=\"submit\" value=\"Enviar\" \/>\n<\/p><div class=\"wpcf7-response-output\" aria-hidden=\"true\"><\/div>\n<\/form>\n<\/div>\n\n\t<iframe src=\"https:\/\/www.google.com\/maps\/embed\/v1\/place?q=Abocan+Despacho+de+Abogados+S.L.P+Pasaje+de+Pe%C3%B1a+1%2C+Esc.+Izda%2C+2%C2%BA+Izda%2C+39008+Santander%2C+Cantabria&#038;key=AIzaSyD09zQ9PNDNNy9TadMuzRV_UsPUoWKntt8\" aria-hidden=\"true\"><\/iframe>\n\t\t\t\t<img loading=\"lazy\" decoding=\"async\" src=\"https:\/\/abocan.es\/wp-content\/uploads\/2020\/07\/logotipo_nombre_solo-Abocan_despacho_de_abogados-white.png\" alt=\"logotipo_nombre_solo-Abocan_despacho_de_abogados-white\" itemprop=\"image\" height=\"193\" width=\"500\" title=\"logotipo_nombre_solo-Abocan_despacho_de_abogados-white\" onerror=\"this.style.display='none'\"  \/>\n\t<p><b>Localizaci\u00f3n y contacto<\/b><\/p>\n\t<p>Pasaje de Pe\u00f1a 1, Esc. Izda, 2\u00ba Izda.<\/p>\n<p>39008 Santander, Cantabria<\/p>\n<p>&nbsp;<\/p>\n<p>Mail:\u00a0 administracion@abocan.es<\/p>\n<p>Tel\u00e9fono:\u00a0 +34 942 239 955<\/p>\n<p>Fax:\u00a0 942 37 64 08<\/p>\n\t<p><a href=\"#\">Aviso legal<\/a><\/p>\n<p><a href=\"#\">Pol\u00edtica de privacidad<\/a><\/p>\n<p><a href=\"#\">Pol\u00edtica de cookies<\/a><\/p>\n\n","protected":false},"excerpt":{"rendered":"<p>Despacho de Abogados Desde nuestra creaci\u00f3n en 1994 hemos prestado nuestros servicios jur\u00eddicos en todo el \u00e1mbito nacional, consolid\u00e1ndonos en Cantabria como despacho de referencia por la calidad y la dedicaci\u00f3n a los asuntos de nuestros clientes. Durante estos 25 a\u00f1os de experiencia la firma se ha enfrentado a asuntos, de los m\u00e1s desafiantes y&hellip;<\/p>\n","protected":false},"author":1,"featured_media":0,"parent":0,"menu_order":0,"comment_status":"closed","ping_status":"closed","template":"","meta":{"footnotes":""},"_links":{"self":[{"href":"https:\/\/abocan.es\/index.php?rest_route=\/wp\/v2\/pages\/6"}],"collection":[{"href":"https:\/\/abocan.es\/index.php?rest_route=\/wp\/v2\/pages"}],"about":[{"href":"https:\/\/abocan.es\/index.php?rest_route=\/wp\/v2\/types\/page"}],"author":[{"embeddable":true,"href":"https:\/\/abocan.es\/index.php?rest_route=\/wp\/v2\/users\/1"}],"replies":[{"embeddable":true,"href":"https:\/\/abocan.es\/index.php?rest_route=%2Fwp%2Fv2%2Fcomments&post=6"}],"version-history":[{"count":136,"href":"https:\/\/abocan.es\/index.php?rest_route=\/wp\/v2\/pages\/6\/revisions"}],"predecessor-version":[{"id":283,"href":"https:\/\/abocan.es\/index.php?rest_route=\/wp\/v2\/pages\/6\/revisions\/283"}],"wp:attachment":[{"href":"https:\/\/abocan.es\/index.php?rest_route=%2Fwp%2Fv2%2Fmedia&parent=6"}],"curies":[{"name":"wp","href":"https:\/\/api.w.org\/{rel}","templated":true}]}}